{"id":62449,"date":"2026-01-08T15:17:58","date_gmt":"2026-01-08T20:17:58","guid":{"rendered":"https:\/\/cecap.com.pa\/arbitration-adr-week\/?page_id=62449"},"modified":"2026-01-13T16:45:02","modified_gmt":"2026-01-13T21:45:02","slug":"patrocinios","status":"publish","type":"page","link":"https:\/\/cecap.com.pa\/arbitration-adr-week\/patrocinios\/","title":{"rendered":"Patrocinios"},"content":{"rendered":"\t\t<div data-elementor-type=\"wp-page\" data-elementor-id=\"62449\" class=\"elementor elementor-62449\">\n\t\t\t\t\t\t<section class=\"elementor-section elementor-top-section elementor-element elementor-element-59c8d4a elementor-section-boxed elementor-section-height-default elementor-section-height-default sc_fly_static\" data-id=\"59c8d4a\" data-element_type=\"section\" data-e-type=\"section\">\n\t\t\t\t\t\t<div class=\"elementor-container elementor-column-gap-extended\">\n\t\t\t\t\t<div class=\"elementor-column elementor-col-100 elementor-top-column elementor-element elementor-element-93358fc sc_content_align_inherit sc_layouts_column_icons_position_left sc_fly_static\" data-id=\"93358fc\" data-element_type=\"column\" data-e-type=\"column\">\n\t\t\t<div class=\"elementor-widget-wrap elementor-element-populated\">\n\t\t\t\t\t\t<div data-animation-type=\"sequental\" data-animation-stagger=\"\" class=\"elementor-element elementor-element-24ea2d5 animation_type_sequental sc_fly_static elementor-invisible elementor-widget elementor-widget-trx_sc_price\" data-id=\"24ea2d5\" data-element_type=\"widget\" data-e-type=\"widget\" data-settings=\"{&quot;_animation&quot;:&quot;agora-fadeinup&quot;,&quot;_animation_delay&quot;:100}\" data-widget_type=\"trx_sc_price.default\">\n\t\t\t\t<div class=\"elementor-widget-container\">\n\t\t\t\t\t<div  \n\tclass=\"sc_price color_style_dark sc_price_default\"><div class=\"sc_price_columns_wrap sc_item_columns trx_addons_columns_wrap columns_padding_bottom\"><div class=\"trx_addons_column-1_3 trx_addons_column-1_2-mobile\"><div class=\"sc_price_item sc_price_item_default with_image with_bg_color\" style=\"background-color:#02010100;\">\n\t\t\t<div class=\"sc_price_item_inner\"><div class=\"sc_price_item_icon sc_price_item_icon_type_ icon-price-icon-1-new\"\n\t\t\t\t\t\t\t\t\t\t\t\t><span class=\"sc_icon_type_ icon-price-icon-1-new\"\n\t\t\t\t\t\t\t\t\t\t\t\t\t\t\t><\/span><\/div><div class=\"sc_price_item_info\"><h3 class=\"sc_price_item_title\"><span>Coct\u00e9l de Bienvenida<\/span><\/h3><div class=\"sc_price_item_price\"><span class=\"sc_price_item_price_value\">$7,000<\/span><span class=\"sc_price_item_price_decimals\">00<\/span><\/div><div class=\"sc_price_item_details\"><a style=\"text-decoration: none;\" href=\"https:\/\/cecap.com.pa\/arbitration-adr-week\/wp-content\/uploads\/2025\/12\/Opciones-de-Patrocinio-Coctel-de-Bienvenida.pdf\">\n<button style=\"padding: 10px 20px; background-color: #d19929; color: white; border: none; cursor: pointer;\">\n<strong>VER INFORMACI\u00d3N<\/strong>\n<\/button>\n<\/a><\/div><\/div><!-- \/.sc_price_item_info --><\/div><!-- \/.sc_price_item_inner --><\/div><\/div><div class=\"trx_addons_column-1_3 trx_addons_column-1_2-mobile\"><div class=\"sc_price_item sc_price_item_default with_image with_bg_color\" style=\"background-color:#02010100;\">\n\t\t\t<div class=\"sc_price_item_inner\"><div class=\"sc_price_item_icon sc_price_item_icon_type_ icon-users\"\n\t\t\t\t\t\t\t\t\t\t\t\t><span class=\"sc_icon_type_ icon-users\"\n\t\t\t\t\t\t\t\t\t\t\t\t\t\t\t><\/span><\/div><div class=\"sc_price_item_info\"><h3 class=\"sc_price_item_title\"><span>Cena de Expositores<\/span><\/h3><div class=\"sc_price_item_price\"><span class=\"sc_price_item_price_value\">$6,000<\/span><span class=\"sc_price_item_price_decimals\">00<\/span><\/div><div class=\"sc_price_item_details\"><a style=\"text-decoration: none;\" href=\"https:\/\/cecap.com.pa\/arbitration-adr-week\/wp-content\/uploads\/2025\/12\/Opciones-de-Patrocinio-Cena-de-Expositores.pdf\">\n<button style=\"padding: 10px 20px; background-color: #d19929; color: white; border: none; cursor: pointer;\">\n<strong>VER INFORMACI\u00d3N<\/strong>\n<\/button>\n<\/a><\/div><\/div><!-- \/.sc_price_item_info --><\/div><!-- \/.sc_price_item_inner --><\/div><\/div><div class=\"trx_addons_column-1_3 trx_addons_column-1_2-mobile\"><div class=\"sc_price_item sc_price_item_default with_image with_bg_color\" style=\"background-color:#02010100;\">\n\t\t\t<div class=\"sc_price_item_inner\"><div class=\"sc_price_item_icon sc_price_item_icon_type_ icon-users-group\"\n\t\t\t\t\t\t\t\t\t\t\t\t><span class=\"sc_icon_type_ icon-users-group\"\n\t\t\t\t\t\t\t\t\t\t\t\t\t\t\t><\/span><\/div><div class=\"sc_price_item_info\"><h3 class=\"sc_price_item_title\"><span>Espacio de Networking<\/span><\/h3><div class=\"sc_price_item_price\"><span class=\"sc_price_item_price_value\">$4,000<\/span><span class=\"sc_price_item_price_decimals\">00<\/span><\/div><div class=\"sc_price_item_details\"><a style=\"text-decoration: none;\" href=\"https:\/\/cecap.com.pa\/arbitration-adr-week\/wp-content\/uploads\/2025\/12\/Opciones-de-Patrocinio-Espacio-de-Networking.pdf\">\n<button style=\"padding: 10px 20px; background-color: #d19929; color: white; border: none; cursor: pointer;\">\n<strong>VER INFORMACI\u00d3N<\/strong>\n<\/button>\n<\/a><\/div><\/div><!-- \/.sc_price_item_info --><\/div><!-- \/.sc_price_item_inner --><\/div><\/div><div class=\"trx_addons_column-1_3 trx_addons_column-1_2-mobile\"><div class=\"sc_price_item sc_price_item_default with_image with_bg_color\" style=\"background-color:#02010100;\">\n\t\t\t<div class=\"sc_price_item_inner\"><div class=\"sc_price_item_icon sc_price_item_icon_type_ icon-book-open\"\n\t\t\t\t\t\t\t\t\t\t\t\t><span class=\"sc_icon_type_ icon-book-open\"\n\t\t\t\t\t\t\t\t\t\t\t\t\t\t\t><\/span><\/div><div class=\"sc_price_item_info\"><h3 class=\"sc_price_item_title\"><span>Conferencia de Arbitraje<\/span><\/h3><div class=\"sc_price_item_description\"><span>Desde<\/span><\/div><div class=\"sc_price_item_price\"><span class=\"sc_price_item_price_value\">$1,500<\/span><span class=\"sc_price_item_price_decimals\">00<\/span><\/div><div class=\"sc_price_item_details\"><a style=\"text-decoration: none;\" href=\"https:\/\/cecap.com.pa\/arbitration-adr-week\/wp-content\/uploads\/2026\/01\/Opciones-de-Patrocinio-de-Conferencia-Arbitraje.pdf\">\n<button style=\"padding: 10px 20px; background-color: #d19929; color: white; border: none; cursor: pointer;\">\n<strong>VER INFORMACI\u00d3N<\/strong>\n<\/button>\n<\/a><\/div><\/div><!-- \/.sc_price_item_info --><\/div><!-- \/.sc_price_item_inner --><\/div><\/div><div class=\"trx_addons_column-1_3 trx_addons_column-1_2-mobile\"><div class=\"sc_price_item sc_price_item_default with_image with_bg_color\" style=\"background-color:#02010100;\">\n\t\t\t<div class=\"sc_price_item_inner\"><div class=\"sc_price_item_icon sc_price_item_icon_type_ icon-price-icon-3-new\"\n\t\t\t\t\t\t\t\t\t\t\t\t><span class=\"sc_icon_type_ icon-price-icon-3-new\"\n\t\t\t\t\t\t\t\t\t\t\t\t\t\t\t><\/span><\/div><div class=\"sc_price_item_info\"><h3 class=\"sc_price_item_title\"><span>Almuerzo<\/span><\/h3><div class=\"sc_price_item_description\"><span>Conferencia de Arbitraje<\/span><\/div><div class=\"sc_price_item_price\"><span class=\"sc_price_item_price_value\">$5,000<\/span><span class=\"sc_price_item_price_decimals\">00<\/span><\/div><div class=\"sc_price_item_details\"><a style=\"text-decoration: none;\" href=\"https:\/\/cecap.com.pa\/arbitration-adr-week\/wp-content\/uploads\/2025\/12\/Opciones-de-Patrocinio-Almuerzo.pdf\">\n<button style=\"padding: 10px 20px; background-color: #d19929; color: white; border: none; cursor: pointer;\">\n<strong>VER INFORMACI\u00d3N<\/strong>\n<\/button>\n<\/a><\/div><\/div><!-- \/.sc_price_item_info --><\/div><!-- \/.sc_price_item_inner --><\/div><\/div><div class=\"trx_addons_column-1_3 trx_addons_column-1_2-mobile\"><div class=\"sc_price_item sc_price_item_default with_image with_bg_color\" style=\"background-color:#02010100;\">\n\t\t\t<div class=\"sc_price_item_inner\"><div class=\"sc_price_item_icon sc_price_item_icon_type_ icon-email-2\"\n\t\t\t\t\t\t\t\t\t\t\t\t><span class=\"sc_icon_type_ icon-email-2\"\n\t\t\t\t\t\t\t\t\t\t\t\t\t\t\t><\/span><\/div><div class=\"sc_price_item_info\"><h3 class=\"sc_price_item_title\"><span>Cont\u00e1ctenos<\/span><\/h3><div class=\"sc_price_item_details\"><p>Sea parte de esta edici\u00f3n como patrocinador y conecte su marca con l\u00edderes del \u00e1mbito legal y empresarial.<\/p><p>Para conocer las opciones de patrocinio, escr\u00edbanos a: <strong>ltulsidas@panacamara.org<\/strong><\/p><\/div><\/div><!-- \/.sc_price_item_info --><\/div><!-- \/.sc_price_item_inner --><\/div><\/div><\/div><\/div><!-- \/.sc_price -->\t\t\t\t<\/div>\n\t\t\t\t<\/div>\n\t\t\t\t\t<\/div>\n\t\t<\/div>\n\t\t\t\t\t<\/div>\n\t\t<\/section>\n\t\t\t\t<\/div>\n\t\t","protected":false},"excerpt":{"rendered":"<p>Coct\u00e9l de Bienvenida $7,00000 VER INFORMACI\u00d3N Cena de Expositores $6,00000 VER INFORMACI\u00d3N Espacio de Networking $4,00000 VER INFORMACI\u00d3N Conferencia de Arbitraje Desde$1,50000 VER INFORMACI\u00d3N Almuerzo Conferencia de Arbitraje$5,00000 VER INFORMACI\u00d3N&hellip;<\/p>\n","protected":false},"author":1,"featured_media":0,"parent":0,"menu_order":0,"comment_status":"closed","ping_status":"closed","template":"","meta":{"_price":"","_stock":"","_tribe_ticket_header":"","_tribe_default_ticket_provider":"","_tribe_ticket_capacity":"0","_ticket_start_date":"","_ticket_end_date":"","_tribe_ticket_show_description":"","_tribe_ticket_show_not_going":false,"_tribe_ticket_use_global_stock":"","_tribe_ticket_global_stock_level":"","_global_stock_mode":"","_global_stock_cap":"","_tribe_rsvp_for_event":"","_tribe_ticket_going_count":"","_tribe_ticket_not_going_count":"","_tribe_tickets_list":"[]","_tribe_ticket_has_attendee_info_fields":false,"footnotes":"","_tec_slr_enabled":"","_tec_slr_layout":""},"class_list":["post-62449","page","type-page","status-publish","hentry"],"ticketed":false,"_links":{"self":[{"href":"https:\/\/cecap.com.pa\/arbitration-adr-week\/wp-json\/wp\/v2\/pages\/62449","targetHints":{"allow":["GET"]}}],"collection":[{"href":"https:\/\/cecap.com.pa\/arbitration-adr-week\/wp-json\/wp\/v2\/pages"}],"about":[{"href":"https:\/\/cecap.com.pa\/arbitration-adr-week\/wp-json\/wp\/v2\/types\/page"}],"author":[{"embeddable":true,"href":"https:\/\/cecap.com.pa\/arbitration-adr-week\/wp-json\/wp\/v2\/users\/1"}],"replies":[{"embeddable":true,"href":"https:\/\/cecap.com.pa\/arbitration-adr-week\/wp-json\/wp\/v2\/comments?post=62449"}],"version-history":[{"count":13,"href":"https:\/\/cecap.com.pa\/arbitration-adr-week\/wp-json\/wp\/v2\/pages\/62449\/revisions"}],"predecessor-version":[{"id":62649,"href":"https:\/\/cecap.com.pa\/arbitration-adr-week\/wp-json\/wp\/v2\/pages\/62449\/revisions\/62649"}],"wp:attachment":[{"href":"https:\/\/cecap.com.pa\/arbitration-adr-week\/wp-json\/wp\/v2\/media?parent=62449"}],"curies":[{"name":"wp","href":"https:\/\/api.w.org\/{rel}","templated":true}]}}